2a16
What is 10000021021 (base 3) in base 5?
3343440
Convert 1083 (base 10) to base 2.
10000111011
What is 320a (base 15) in base 16?
2959
Convert 1902 (base 10) to base 5.
30102
Convert -d08 (base 14) to base 9.
-3450
102b6 (base 12) to base 6
241550
-2503 (base 14) to base 11
-4953
Convert -768 (base 12) to base 2.
-10001000000
-27a (base 12) to base 6
-1434
What is 1243012 (base 5) in base 6?
310341
Convert 1251 (base 7) to base 4.
13131
What is 13414 (base 5) in base 7?
3143
Convert d3c (base 15) to base 3.
11002110
-60 (base 9) to base 15
-39
What is 19738 (base 11) in base 2?
110101101110100
What is 322202 (base 5) in base 11?
8234
What is -2483 (base 13) in base 3?
-21002202
What is c0a (base 14) in base 5?
33422
What is -4563 (base 7) in base 13?
-9ab
-21791 (base 10) to base 2
-101010100011111
What is -5038 (base 9) in base 14?
-14ac
428 (base 15) to base 10
938
Convert -140 (base 8) to base 6.
-240
Convert -482 (base 10) to base 6.
-2122
Convert -bc7 (base 14) to base 7.
-6540
What is -32 (base 4) in base 15?
-e
What is 440355 (base 6) in base 2?
1000111001001111
Convert -5026 (base 7) to base 16.
-6c7
Convert 20220211 (base 3) to base 7.
20464
Convert 1340 (base 9) to base 5.
13013
2727 (base 9) to base 14
a66
What is 1767 (base 8) in base 15?
47a
6dc (base 16) to base 11
1357
Convert -113020 (base 5) to base 16.
-1027
What is -112201020 (base 3) in base 8?
-24745
31045 (base 8) to base 7
52266
Convert 4135 (base 6) to base 4.
32123
-4370 (base 10) to base 15
-1465
What is -5552 (base 9) in base 15?
-1332
31931 (base 11) to base 4
23110221
159 (base 12) to base 2
11010101
What is 6e87 (base 16) in base 13?
cb57
What is -733 (base 12) in base 5?
-13142
What is 20b3 (base 13) in base 7?
16144
What is 12200 (base 8) in base 4?
1102000
Convert -173b (base 12) to base 6.
-20515
What is -64133 (base 8) in base 2?
-110100001011011
What is 10042002 (base 5) in base 7?
454536
-a056 (base 13) to base 14
-8065
Convert -84a (base 14) to base 8.
-3142
-211020210 (base 3) to base 5
-1004341
What is -141 (base 8) in base 7?
-166
Convert 1030 (base 4) to base 10.
76
Convert 1022 (base 11) to base 9.
1765
Convert 11003 (base 5) to base 13.
45c
What is -67 (base 10) in base 3?
-2111
What is 100011111110 (base 2) in base 16?
8fe
Convert c371 (base 13) to base 16.
6953
-46063 (base 7) to base 6
-130111
Convert 1746 (base 8) to base 3.
1100222
-1808 (base 13) to base 8
-6745
Convert 3851 (base 12) to base 2.
1100011111101
-322110 (base 4) to base 8
-7224
Convert 5434 (base 8) to base 3.
10220100
8ba0 (base 12) to base 10
15528
What is -b26 (base 16) in base 13?
-13b7
What is 2a3 (base 14) in base 5?
4120
Convert -4555 (base 15) to base 14.
-5505
-1031 (base 11) to base 14
-6d7
What is -132 (base 15) in base 16?
-110
-1412 (base 6) to base 16
-170
Convert -46a5 (base 12) to base 4.
-1323131
-7176 (base 8) to base 13
-18c5
Convert -543 (base 6) to base 2.
-11001111
What is -5513 (base 9) in base 11?
-3063
Convert -2003102 (base 4) to base 15.
-2752
Convert -10010011 (base 2) to base 7.
-300
Convert -1001100001 (base 2) to base 4.
-21201
Convert -4a (base 11) to base 16.
-36
Convert -202121 (base 3) to base 13.
-33a
Convert -100222112 (base 3) to base 12.
-4265
What is 12112 (base 3) in base 10?
149
-20777 (base 8) to base 4
-2013333
Convert -10643 (base 7) to base 14.
-dca
-31242 (base 5) to base 11
-1614
What is 98 (base 10) in base 6?
242
What is -d5 (base 14) in base 3?
-20221
What is -1693 (base 13) in base 12?
-1b17
-dd2f (base 16) to base 12
-28927
-2012110120 (base 3) to base 5
-2341400
Convert 1023 (base 9) to base 11.
622
What is -110033 (base 4) in base 11?
-a78
What is 3b4 (base 14) in base 5?
10441
Convert -164d (base 14) to base 11.
-2aa7
What is -90b (base 12) in base 16?
-51b
-89 (base 11) to base 2
-1100001
Convert 2111 (base 3) to base 13.
52
What is -39d7 (base 14) in base 9?
-14866
What is -63e1 (base 16) in base 7?
-134355
314 (base 15) to base 8
1266
Convert 5d6 (base 16) to base 5.
21434
-26586 (base 13) to base 6
-1305523
Convert -1a01 (base 14) to base 13.
-21ac
Convert -41742 (base 9) to base 11.
-197a1
7968 (base 10) to base 15
2563
2833 (base 9) to base 16
858
661 (base 8) to base 11
364
-16552 (base 8) to base 13
-3573
218b6 (base 14) to base 12
3b074
What is -12013 (base 5) in base 11?
-733
Convert -27244 (base 10) to base 4.
-12221230
Convert -915 (base 11) to base 6.
-5041
Convert -33223 (base 9) to base 6.
-250033
-12682 (base 11) to base 13
-832a
222042 (base 8) to base 4
102100202
1441 (base 5) to base 9
303
What is -11110111010 (base 2) in base 14?
-a14
What is -22100210 (base 4) in base 8?
-122044
Convert -2211021000 (base 3) to base 12.
-28209
What is 99 (base 10) in base 7?
201
Convert 112014 (base 6) to base 4.
2110222
What is -15042 (base 6) in base 4?
-211202
dc (base 16) to base 11
190
35 (base 7) to base 6
42
Convert -6897 (base 11) to base 12.
-52b0
What is 347 (base 14) in base 11?
542
Convert 1211102 (base 3) to base 13.
7b8
What is -1b538 (base 12) in base 8?
-117074
What is 223 (base 8) in base 5?
1042
Convert 2420 (base 6) to base 5.
4323
-14034 (base 8) to base 6
-44324
-7f8 (base 16) to base 2
-11111111000
-4a4 (base 16) to base 6
-5300
Convert 253 (base 9) to base 15.
e0
What is 46b0 (base 12) in base 8?
17344
What is -202 (base 13) in base 7?
-664
What is -2617 (base 9) in base 3?
-2200121
What is 1274 (base 11) in base 15?
754
What is -3002 (base 6) in base 7?
-1616
-b07 (base 16) to base 2
-101100000111
What is -21 (base 15) in base 7?
-43
Convert 542 (base 12) to base 8.
1402
What is -102120100 (base 3) in base 6?
-103013
What is a08 (base 11) in base 9?
1603
413101 (base 6) to base 16
813d
What is 330444 (base 5) in base 15?
3584
7317 (base 15) to base 2
101111100000010
3432 (base 8) to base 4
130122
Convert 62641 (base 9) to base 2.
1010000110000011
223123 (base 4) to base 2
101011011011
Convert -1021010110 (base 3) to base 12.
-12493
Convert 606 (base 10) to base 16.
25e
-1255 (base 11) to base 7
-4522
Convert -1270 (base 8) to base 4.
-22320
What is -11010101100110 (base 2) in base 14?
-4da6
Convert 12345 (base 8) to base 12.
3119
163 (base 16) to base 10
355
Convert -53511 (base 8) to base 16.
-5749
What is -12596 (base 10) in base 8?
-30464
What is 152412 (base 6) in base 11?
10171
What is -1334 (base 8) in base 16?
-2dc
What is -16231 (base 9) in base 2?
-10101101110101
5946 (base 10) to base 16
173a
Convert 3a46 (base 14) to base 15.
3089
4b2a (base 16) to base 8
45452
2630c (base 13) to base 6
1303515
What is -eb6e (base 15) in base 8?
-141245
What is 615 (base 13) in base 16?
408
Convert 111010011010 (base 2) to base 8.
7232
-a395 (base 11) to base 3
-200220021
Convert -61a (base 13) to base 4.
-100031
Convert -3469 (base 10) to base 14.
-139b
What is 28a (base 13) in base 15?
202
Convert 6611 (base 12) to base 14.
4153
-1023 (base 4) to base 13
-5a
Convert 1212213 (base 4) to base 10.
6567
Convert 105 (base 13) to base 3.
20110
What is 1312 (base 9) in base 16?
3d7
-3601 (base 9) to base 14
-d90
What is 110233233 (base 4) in base 2?
10100101111101111
15341 (base 7) to base 13
1c52
What is -1123120 (base 4) in base 16?
-16d8
44a (base 13) to base 3
1000100
-374 (base 13) to base 15
-2a2
-2c6 (base 13) to base 7
-1313
What is -1b7b (base 13) in base 15?
-1373
Convert -2011 (base 10) to base 7.
-5602
Convert 375 (base 11) to base 14.
23b
What is 37437 (base 8) in base 11?
11160
200021110 (base 3) to base 2
11010000001011
1b6 (base 15) to base 13
246
Convert 124043 (base 5) to base 11.
3753
What is -189a (base 11) in base 10?
-2408
What is 113a (base 14) in base 12?
1894
-1102010120 (base 3) to base 8
-66226
Convert -31c (base 16) to base 7.
-2215
-141 (base 9) to base 15
-7d
Convert 21072 (base 9) to base 13.
6446
-2d3 (base 15) to base 2
-1010001000
What is 1881 (base 10) in base 11?
1460
What is be1 (base 15) in base 11?
2022
What is 1b8 (base 14) in base 13?
217
Convert -21011 (base 8) to base 12.
-5061
1042 (base 10) to base 11
868
What is -100334 (base 8) in base 7?
-165114
Convert -20241 (base 7) to base 11.
-3781
What is -8cd (base 14) in base 15?
-7b9
Convert 9375 (base 11) to base 15.
3a34
Convert 37 (base 14) to base 13.
3a
2120 (base 5) to base 12
1b9
What is 12312201 (base 4)